-k**2 + 25*k - 77. Let u be p(21). Calculate the greatest common divisor of u and 63.
7
Suppose -r = 4*t + 3*r + 240, 3*r + 62 = -t. Let i = t - -95. Let z = i - 24. Calculate the greatest common factor of z and 18.
6
Let s = -38 - -46. Suppose 6*j + 26 = s*j. Let y = j - 4. What is the greatest common divisor of y and 1?
1
Let i(n) = n**3 - 2*n**2 + 6*n - 7. Let l be i(2). Suppose 0*x - 5 = 3*x + 4*m, -3*m - 25 = -2*x. What is the highest common factor of l and x?
5
Let k(w) = 9*w - 29. Let c(u) = -u. Let i(p) = -6*c(p) - k(p). Let l be i(9). What is the greatest common divisor of l and 18?
2
Let y(q) = 2*q**3 - 9*q**2 - 5*q + 7. Let k be y(5). Let b(j) = j**3 - 7*j**2 + 16. Let c be b(k). Calculate the greatest common divisor of 176 and c.
16
Suppose 94*n - 70 = 89*n. What is the greatest common divisor of 161 and n?
7
Let f be 2/4 + (-45)/6. Let o(t) = -t**3 - 9*t**2 - 10*t - 5. Let r be o(f). Let s be -6*(r/6 + -1). Calculate the highest common divisor of s and 26.
13
Suppose 498 - 58 = 2*a. What is the highest common divisor of 40 and a?
20
Suppose -5*s + 4*o - 3*o = -367, 4*s - o = 293. Let z be ((-777)/(-28))/((-18)/(-120)). What is the highest common divisor of s and z?
37
Suppose 2*i + i - 319 = 5*b, -5*b + 465 = 5*i. What is the greatest common factor of 42 and i?
14
Let a(b) = 3*b**2 + 6*b + 50. Let w be a(-7). Calculate the highest common factor of w and 5.
5
Let f = 18 + -16. Suppose 0 = t - 1, -4*t + 28 = -0*d + f*d. Let l be -2*7*12/(-14). What is the greatest common factor of l and d?
12
Let f = 34 + -18. Let m be ((-56)/(-70))/((-2)/(-10)). Suppose 8*k = m*k + 448. What is the greatest common factor of k and f?
16
Let v = 9 - 3. Let y be (9/v)/(1/154). Suppose 3*o + 2*w - w - y = 0, -5*o - 5*w + 385 = 0. Calculate the highest common divisor of 7 and o.
7
Let o = 255 + 263. Calculate the highest common divisor of 28 and o.
14
Let r(h) = 144*h - 827. Let n be r(21). Calculate the highest common divisor of 26 and n.
13
Let i(u) = u - 5. Let m be i(-4). Let b = 13 + m. Suppose 0*k + b*k + 84 = 2*s, 0 = -s - 4*k + 24. What is the highest common divisor of s and 12?
12
Let x(y) = -71*y - 76. Let s be x(-4). What is the greatest common divisor of s and 13?
13
Let r(d) = 2*d + 249. Let q be r(43). Calculate the greatest common factor of q and 134.
67
Let w be 12/10 + ((-26451)/(-45) - -16). What is the greatest common factor of w and 165?
55
Let w(a) = -a**3 - 3*a**2 - 14*a - 2. Let z be w(-3). Calculate the greatest common divisor of z and 190.
10
Suppose 141 = -6*n + 3*n. Suppose 8*r = 3*r + 395. Let i = n + r. What is the highest common divisor of i and 4?
4
Let z be (5/(-6))/((-17)/612). Calculate the greatest common divisor of z and 1470.
30
Let d(v) = 15*v. Let j be d(4). Let n(g) = g + 14. Let s(o) = o**2 - 26*o + 21. Let y be s(25). Let z be n(y). Calculate the highest common divisor of j and z.
10
Suppose -2*c - 288 = -18*c. What is the greatest common factor of 30 and c?
6
Let x = 772 - 740. Calculate the greatest common divisor of x and 512.
32
Suppose 7911 = -79*b + 46305. Calculate the greatest common divisor of b and 198.
18
Let x(p) = -p + 17. Let t be -1 + (-28)/(-20) + (-28)/(-5). Let h be x(t). What is the highest common factor of 33 and h?
11
Let b be (-1)/((-24)/204 - 5/102). Let o(i) = i**3 - 5*i**2 + i - 1. Let n be o(5). What is the greatest common factor of n and b?
2
Let z be ((-5)/30 - 114/(-36)) + 9. What is the greatest common factor of 3324 and z?
12
Suppose 4*d + 14 = p, -2*p - 5*d + 8 = p. Let f be -4 + 0 + p + 26. Calculate the highest common factor of f and 28.
28
Suppose 0*h - h + 36 = 0. Suppose 34*n + 579 = 171. Let a = n + h. What is the greatest common divisor of 16 and a?
8
Suppose 10*j = -30*j + 3040. Calculate the highest common factor of 304 and j.
76
Suppose -20 = -4*z, 185*r - 189 = 181*r - z. Calculate the greatest common factor of r and 299.
23
Let a = 188 - 170. Let j(q) = q**2 - 4*q + 2. Let z be j(4). What is the highest common factor of z and a?
2
Suppose -4*n - 200 = -5*g, g - 2*n - 26 = 8. What is the highest common factor of 11 and g?
11
Let c = -3 + 12. Suppose -c*q = -7*q - 80. Let i(p) = p**2 - p + 4. Let d be i(0). What is the highest common factor of d and q?
4
Let d = -104 + 504. What is the highest common factor of d and 50?
50
Let l be 31/((-155)/(-4080)) - (-1 + 1). What is the greatest common divisor of l and 8?
8
Let k(q) = -q**3 + 23*q**2 - 30*q + 184. Let f be k(22). What is the greatest common divisor of 376 and f?
8
Let m = -277 + 294. Let b be (0 + -102)*16/(-6). Calculate the greatest common factor of b and m.
17
Let j = 20 + -16. Let v be 5 + (j - 6) - -39. Calculate the highest common factor of v and 21.
21
Let w be 11/(-22) + 26/4. Let o(p) = -p**3 + 7*p**2 + 7*p - 6. Let s be o(w). Calculate the greatest common divisor of s and 8.
8
Let o be ((-24)/28)/(14/(-98)). Calculate the greatest common divisor of 38 and o.
2
Let f be 2 + -5 - (12 + -25). What is the greatest common divisor of 65 and f?
5
Suppose -5*w = -b + 16, -4*w = 5*b - 2*w - 26. Suppose -i - 2*l = -38 + 4, -2*i - l = -62. Calculate the highest common divisor of i and b.
6
Suppose 0*m - 2*j - 168 = -4*m, 2*j - 112 = -3*m. What is the greatest common divisor of 50 and m?
10
Let b be (1 - 3)/((-18 + 13)/140). Calculate the highest common divisor of 40 and b.
8
Let m = -181 + 376. What is the highest common divisor of 39 and m?
39
Suppose 45 - 37 = c. What is the highest common divisor of 696 and c?
8
Let y(f) = -f**2 - 6*f + 1. Let u be y(-5). Let r(s) = 63*s + 2526. Let b be r(-40). What is the greatest common divisor of b and u?
6
Let y be (225/(-150))/((-6)/88). What is the greatest common factor of y and 1562?
22
Let r(o) = o**3 - 17*o**2 + 16*o + 2. Let l be r(16). Let b be 95*(-2 + l + 2). What is the greatest common factor of b and 19?
19
Suppose 51*p + 436 = 55*p. Let z = p - 64. Calculate the highest common divisor of 5 and z.
5
Let u(k) = k**2 + 6*k + 4. Let o be u(-6). Let v(x) = x**2 - 3*x + 1. Let p be v(o). Let n = 73 + -18. What is the highest common divisor of p and n?
5
Let o(q) = 2*q**3 - 4*q**2 - 4*q + 5. Let a be o(5). Suppose a = 4*r - 365. Suppose 27 - 2 = g. Calculate the highest common divisor of g and r.
25
Let n = -28 - -33. Suppose -b - 3*b + 92 = -4*j, 0 = n*b + 2*j - 122. Calculate the greatest common divisor of b and 12.
12
Let q(s) = -75*s - 7. Let y be q(-2). What is the greatest common divisor of 39 and y?
13
Let j(r) = -14*r - 164. Let b be j(-12). Let q(v) = v + 8. Let f be q(-6). Let s be (f + 0 + 2)*4. Calculate the highest common divisor of s and b.
4
Let k = 18 - 13. Suppose -3*b + 12 = 5*l - k*b, -4 = -2*l + b. Suppose -3*r = -z - 72, -72 = -2*r - r + l*z. Calculate the highest common divisor of 240 and r.
24
Let x be 10/7 + (-12)/(-21). Suppose 0 = 2*r - 0*r. Suppose -g + 5*k = r, -2*g - k + 18 = -x*k. What is the greatest common factor of g and 5?
5
Let s(d) = 5*d + 27. Let i be s(-5). Suppose 2 = -k, 4*a = i*a + 4*k + 78. Let t = -13 + 20. Calculate the highest common factor of t and a.
7
Let m = -400 - -538. Calculate the greatest common factor of 92 and m.
46
Let p be 12/30 + (-312)/(-20). What is the greatest common divisor of 24 and p?
8
Let r be -14*6/(-12)*(-40)/(-14). Calculate the highest common factor of r and 35.
5
Suppose -4*m - 17 = -5*v, 0*v = 5*m + v - 15. Let j(z) = 11*z - 6 - 2 + z**2 - m*z**2 + 5. Let k be j(9). Calculate the greatest common divisor of 75 and k.
15
Suppose 0 = -2*p - 2*v + 200, -3*p + 3*v - 90 = -4*p. Calculate the greatest common factor of 285 and p.
15
Suppose 18 = -0*v + v + 3*h, -32 = -2*v - 4*h. Suppose 4*w + 5*m + 241 - 743 = 0, 3*w = -m + 382. Let t = w - 20. What is the highest common divisor of t and v?
12
Let i be (-4)/(-18) - ((-2112)/(-54))/(-4). What is the highest common divisor of i and 110?
10
Let x be 5/(-10)*-1*2 - -6. Suppose -100 = -x*g + 278. What is the greatest common divisor of g and 18?
18
Let w(g) = 2*g**3 - 2*g**2 + 17*g - 24. Let l be w(6). Calculate the highest common divisor of l and 12.
6
Let x = 48 + 62. Calculate the highest common factor of 44 and x.
22
Suppose 0 = -2*n + 15 - 3. Let w(y) = y**2 + 4. Let l be w(n). Let z be 3 + 5 + -48 + 45. Calculate the greatest common factor of z and l